est common divisor of 470 and 20?
10
Calculate the highest common factor of 5 and 7145.
5
What is the greatest common divisor of 2428 and 4?
4
What is the greatest common divisor of 35 and 2065?
35
What is the greatest common factor of 861 and 21?
21
What is the highest common divisor of 94 and 34?
2
What is the greatest common divisor of 186 and 496?
62
Calculate the highest common factor of 400 and 500.
100
Calculate the highest common factor of 9 and 33552.
9
What is the greatest common factor of 570 and 30?
30
Calculate the highest common divisor of 57 and 2337.
57
What is the highest common factor of 6963 and 66?
33
Calculate the highest common factor of 297 and 11.
11
Calculate the greatest common divisor of 1496 and 8.
8
What is the highest common divisor of 27 and 441?
9
Calculate the greatest common divisor of 9 and 3762.
9
What is the highest common divisor of 3475 and 10?
5
What is the highest common factor of 16 and 104?
8
Calculate the highest common factor of 975 and 39.
39
Calculate the highest common divisor of 4334 and 1970.
394
Calculate the greatest common factor of 234 and 2772.
18
What is the highest common factor of 485 and 3104?
97
What is the greatest common divisor of 4433 and 429?
143
What is the highest common factor of 15 and 215?
5
Calculate the greatest common divisor of 474 and 678.
6
What is the highest common factor of 35 and 15?
5
What is the greatest common factor of 2086 and 14?
14
Calculate the greatest common factor of 145 and 40.
5
Calculate the highest common factor of 332 and 83.
83
What is the greatest common divisor of 268 and 272?
4
What is the highest common divisor of 18 and 4086?
18
Calculate the greatest common divisor of 20 and 620.
20
What is the greatest common factor of 93 and 62?
31
Calculate the greatest common divisor of 64 and 32.
32
What is the greatest common divisor of 182 and 28?
14
What is the highest common divisor of 116 and 87?
29
Calculate the highest common factor of 9 and 639.
9
What is the greatest common divisor of 40 and 128?
8
What is the highest common factor of 156 and 8?
4
What is the highest common divisor of 20 and 50?
10
What is the greatest common divisor of 15 and 5?
5
What is the highest common divisor of 26 and 16406?
26
What is the highest common divisor of 21 and 4179?
21
Calculate the highest common factor of 80 and 170.
10
What is the highest common divisor of 30 and 65?
5
What is the highest common divisor of 32 and 976?
16
Calculate the greatest common factor of 11 and 88.
11
What is the highest common factor of 162 and 126?
18
What is the highest common factor of 527 and 31?
31
What is the greatest common factor of 72 and 324?
36
What is the greatest common factor of 8 and 104?
8
What is the highest common factor of 285 and 15?
15
What is the greatest common divisor of 26 and 117?
13
What is the highest common factor of 72 and 13752?
72
What is the greatest common divisor of 2178 and 990?
198
What is the greatest common factor of 9672 and 62?
62
Calculate the highest common factor of 49 and 161.
7
What is the greatest common divisor of 92 and 12?
4
What is the greatest common factor of 112 and 6?
2
What is the highest common factor of 1890 and 105?
105
Calculate the greatest common divisor of 1482 and 390.
78
Calculate the highest common factor of 7 and 28.
7
What is the highest common divisor of 11 and 2354?
11
Calculate the highest common factor of 348 and 17139.
87
Calculate the highest common divisor of 5321 and 3443.
313
Calculate the highest common divisor of 342 and 9.
9
Calculate the highest common divisor of 912 and 12.
12
Calculate the highest common divisor of 19395 and 45.
45
Calculate the greatest common factor of 954 and 18.
18
Calculate the highest common factor of 8 and 62912.
8
Calculate the greatest common divisor of 22 and 594.
22
Calculate the highest common factor of 350 and 1120.
70
What is the greatest common factor of 418 and 190?
38
Calculate the greatest common factor of 1680 and 2280.
120
What is the greatest common factor of 1519 and 2107?
49
What is the highest common factor of 24 and 300?
12
Calculate the highest common divisor of 10 and 30.
10
Calculate the greatest common divisor of 899 and 87.
29
What is the greatest common factor of 1950 and 455?
65
Calculate the greatest common factor of 42 and 608.
2
What is the greatest common divisor of 44 and 66?
22
What is the highest common divisor of 90 and 120?
30
What is the greatest common divisor of 60 and 372?
12
What is the highest common factor of 861 and 21?
21
Calculate the highest common divisor of 632 and 32.
8
Calculate the greatest common divisor of 62 and 1550.
62
What is the greatest common divisor of 35 and 10535?
35
Calculate the greatest common divisor of 1676 and 32.
4
Calculate the greatest common factor of 21 and 33.
3
Calculate the highest common factor of 35 and 2345.
35
What is the highest common divisor of 68 and 5270?
34
What is the highest common factor of 3 and 80?
1
What is the highest common divisor of 6986 and 14?
14
What is the highest common factor of 621 and 92?
23
What is the highest common factor of 33 and 102?
3
Calculate the greatest common divisor of 28 and 44.
4
Calculate the highest common divisor of 605 and 1089.
121
What is the greatest common divisor of 1768 and 1394?
34
Calculate the highest common factor of 1180 and 180.
20
Calculate the greatest common factor of 60 and 72060.
60
What is the highest common divisor of 205 and 60?
5
Calculate the greatest common factor of 57 and 171.
57
Calculate the highest common divisor of 16 and 784.
16
What is the highest common divisor of 133 and 19?
19
Calculate the greatest common divisor of 144 and 64.
16
Calculate the highest common factor of 612 and 396.
36
Calculate the highest common divisor of 441 and 98.
49
Calculate the highest common factor of 63 and 36.
9
What is the greatest common divisor of 476 and 364?
28
What is the highest common factor of 20 and 95?
5
What is the highest common divisor of 19738 and 142?
142
Calculate the highest common divisor of 2697 and 87.
87
Calculate the highest common divisor of 29718 and 104.
26
Calculate the highest common divisor of 20 and 180.
20
What is the greatest common factor of 15620 and 40?
20
Calculate the greatest common factor of 23256 and 38.
38
Calculate the highest common factor of 96 and 1104.
48
What is the highest common divisor of 399 and 19?
19
Calculate the highest common factor of 12 and 186.
6
Calculate the greatest common factor of 620 and 100.
20
Calculate the highest common divisor of 3471 and 39.
39
What is the greatest common factor of 9 and 2?
1
What is the highest common divisor of 200 and 88?
8
Calculate the highest common divisor of 60 and 620.
20
Calculate the highest common divisor of 185 and 111.
37
What is the highest common divisor of 12 and 192?
12
Calculate the highest common factor of 826 and 14.
14
What is the greatest common divisor of 69 and 14076?
69
Calculate the highest common factor of 348 and 20.
4
What is the greatest common factor of 9 and 1611?
9
Calculate the highest common factor of 160 and 64.
32
What is the highest common divisor of 15 and 465?
15
What is the highest common divisor of 91 and 13?
13
Calculate the highest common divisor of 7 and 448.
7
Calculate the highest common divisor of 180 and 252.
36
What is the highest common divisor of 420 and 6405?
105
Calculate the greatest common divisor of 44 and 726.
22
What is the highest common divisor of 324 and 234?
18
Calculate the greatest common factor of 1664 and 13.
13
What is the greatest common factor of 442 and 7038?
34
What is the highest common factor of 231 and 84?
21
What is the highest common divisor of 517 and 47?
47
What is the greatest common factor of 10256 and 16?
16
What is the greatest common divisor of 82960 and 85?
85
What is the greatest common divisor of 450 and 9630?
90
What is the greatest common divisor of 10 and 1390?
10
What is the greatest common divisor of 2562 and 2379?
183
Calculate the highest common factor of 1387 and 38.
19
What is the greatest common divisor of 57 and 42?
3
Calculate the highest common factor of 228 and 1083.
57
What is the highest common factor of 45 and 153?
9
Calculate the highest common facto